e 2?
110101010001001001110
Convert 2937 (base 12) to base 14.
1a67
324123 (base 9) to base 3
100211010210
-1050671 (base 8) to base 7
-2256156
-99701b (base 16) to base 5
-10033240312
What is -11887ba (base 13) in base 8?
-24613576
Convert -a750a (base 11) to base 9.
-257413
-108c9ed (base 15) to base 11
-6756388
827405 (base 11) to base 16
144188
What is -122895 (base 10) in base 14?
-32b03
What is 1401014244 (base 5) in base 13?
968b0b
263461 (base 7) to base 12
24634
Convert -12101012200221 (base 3) to base 10.
-2858191
-11144004 (base 5) to base 15
-1e8d9
-300543345 (base 6) to base 11
-2962503
Convert -19934b (base 12) to base 11.
-289244
21a8a3 (base 11) to base 10
351134
-520c (base 14) to base 10
-14124
-158b9b (base 12) to base 7
-3062000
2248a (base 15) to base 14
2ba3c
Convert 3597c (base 15) to base 14.
463c8
Convert 110101010000010011001 (base 2) to base 3.
10021122202110
-5096a7 (base 11) to base 7
-6645031
11011111001111010001 (base 2) to base 6
31333133
Convert 112596 (base 12) to base 8.
1026702
What is 3211220130 (base 4) in base 11?
592736
What is a979 (base 14) in base 8?
71177
Convert ee63 (base 16) to base 2.
1110111001100011
-10247b5 (base 13) to base 9
-10178333
What is -22301010 (base 4) in base 16?
-ac44
-5143201 (base 6) to base 2
-111100010010110001
6850b3 (base 12) to base 15
22e1c0
What is 207ba (base 14) in base 13?
29894
What is -20665476 (base 8) in base 13?
-bb9124
Convert -113422054 (base 6) to base 11.
-1228081
What is 314424203 (base 5) in base 11?
826935
98f4a (base 16) to base 14
124466
10012113021 (base 4) to base 2
100000110010111001001
-7b08 (base 12) to base 13
-62cc
What is 12552003 (base 7) in base 13?
315c90
7537561 (base 8) to base 3
10210101011221
What is -1100011322 (base 4) in base 14?
-877aa
-4a3640 (base 14) to base 4
-21231110120
Convert 6486667 (base 9) to base 7.
41412223
What is -25839b (base 13) in base 15?
-12cb02
What is -4034400 (base 5) in base 15?
-143ba
559065 (base 11) to base 10
890510
-757493 (base 10) to base 6
-24122525
Convert -546ca1 (base 14) to base 9.
-5341512
Convert ab423 (base 13) to base 8.
1136322
Convert -570546 (base 10) to base 15.
-b40b6
Convert -515626 (base 9) to base 12.
-129089
Convert -21104 (base 6) to base 14.
-1076
Convert 300430322 (base 5) to base 10.
1186337
What is 3a6468 (base 13) in base 10?
1413433
What is 100101100001011011 (base 2) in base 16?
2585b
Convert -1561723 (base 11) to base 16.
-28b171
2b832 (base 13) to base 9
135368
Convert 22085 (base 16) to base 3.
21002012212
Convert -100333042 (base 5) to base 10.
-402272
-10011111011001011100101 (base 2) to base 8
-23731345
Convert -47601 (base 16) to base 2.
-1000111011000000001
Convert -8b8dc1 (base 14) to base 7.
-55241631
Convert -3238783 (base 9) to base 4.
-12220131102
69644a (base 12) to base 11
a55206
-412311253 (base 6) to base 14
-d33769
Convert -3053313 (base 6) to base 3.
-21110221100
What is -392778 (base 10) in base 2?
-1011111111001001010
What is -100001001000001110 (base 2) in base 16?
-2120e
Convert 100022112121 (base 3) to base 14.
4ab81
What is -2012002002022 (base 3) in base 15?
-17e812
-11110000001010001100011 (base 2) to base 14
-108bc9d
-776230 (base 11) to base 8
-4562131
Convert 102cab5 (base 13) to base 7.
56516042
-1311312303 (base 4) to base 9
-815166
Convert 41b09 (base 12) to base 8.
250371
What is 100134 (base 8) in base 12?
17024
Convert -201886 (base 11) to base 4.
-1033032033
-101010110101011110 (base 2) to base 9
-286608
What is 60b71 (base 16) in base 11?
2506a2
What is -20331232 (base 4) in base 16?
-8f6e
What is 9054a5 (base 12) in base 2?
1000100101000001111101
30281d (base 15) to base 9
4264681
Convert c302b8 (base 13) to base 5.
2130313223
30330333232 (base 4) to base 9
6344751
Convert -10a478 (base 15) to base 2.
-11000001111000011010
Convert 1111000011000010011100 (base 2) to base 15.
52db89
What is 309633 (base 12) in base 16?
ba447
-2301420 (base 9) to base 2
-100101111000000001100
Convert -237675 (base 9) to base 5.
-14042223
What is -82578 (base 9) in base 7?
-314444
Convert -2a06c (base 13) to base 5.
-10013212
What is -120002210001 (base 3) in base 10?
-297271
Convert 100100020110 (base 3) to base 10.
183882
82598 (base 11) to base 13
42b05
What is -14214024 (base 5) in base 14?
-3bd26
What is 20221101200 (base 3) in base 11?
93702
What is -111011101011101 (base 2) in base 11?
-20a5a
-1225555 (base 7) to base 3
-22000211021
What is -3c3b51 (base 13) in base 3?
-2202102202222
11131332130 (base 4) to base 5
331333000
What is -2337362 (base 8) in base 15?
-c93a6
Convert -49057 (base 11) to base 8.
-211715
What is -2baa3 (base 15) in base 3?
-21011010000
What is 47541 (base 13) in base 11?
8a076
Convert -2011021222211 (base 3) to base 13.
-312379
What is -3a8252 (base 12) in base 5?
-221434110
Convert 5002 (base 7) to base 11.
1321
Convert 36384 (base 13) to base 3.
12001110110
What is -1061a63 (base 16) in base 6?
-1412100003
Convert -14efe (base 16) to base 6.
-1501010
-101120102000 (base 3) to base 4
-302302332
-2002032021 (base 4) to base 11
-334816
11310434 (base 5) to base 9
167430
Convert -10010101010000001001110 (base 2) to base 15.
-66916c
What is 111221210101110 (base 3) in base 4?
130102221033
What is -11e409 (base 16) in base 10?
-1172489
71541 (base 10) to base 6
1311113
Convert -2021220112 (base 3) to base 6.
-544535
What is -7411060 (base 8) in base 3?
-10201010100020
11010001010111100011 (base 2) to base 9
1546326
Convert 2c696 (base 13) to base 14.
22ba7
Convert -1348662 (base 11) to base 14.
-4472b6
3035302 (base 7) to base 3
200101120221
-795191 (base 10) to base 6
-25013235
7528ba (base 12) to base 2
111000011101110001110
-302522214 (base 6) to base 8
-23571602
45d446 (base 14) to base 13
65432a
Convert -703663 (base 8) to base 4.
-320132303
Convert 12002012210121 (base 3) to base 2.
1010010011010111111111
What is 22047 (base 10) in base 4?
11120133
2300330330 (base 4) to base 9
1324208
What is -3d669 (base 14) in base 8?
-451175
Convert -12302404 (base 7) to base 11.
-699086
110010000011101010 (base 2) to base 10
205034
What is 2432223 (base 8) in base 2?
10100011010010010011
-16360014 (base 9) to base 4
-133033003231
Convert -102330 (base 10) to base 8.
-307672
-6a079 (base 15) to base 12
-143466
40303013 (base 5) to base 9
541044
Convert 201101021102 (base 3) to base 5.
44201332
40152071 (base 8) to base 2
100000001101010000111001
4210530 (base 6) to base 5
23004140
-12112303210 (base 4) to base 16
-196ce4
Convert -10033010 (base 8) to base 15.
-2ba724
1127bd (base 15) to base 16
c7d47
24703503 (base 8) to base 9
11263060
Convert 1112453 (base 6) to base 9.
85246
What is -2140595 (base 10) in base 13?
-59c432
35112446 (base 7) to base 8
13575526
What is 1f443 (base 16) in base 6?
2424523
What is 436806 (base 9) in base 8?
775453
Convert -36011 (base 12) to base 13.
-2706a
Convert -9ba48 (base 15) to base 14.
-cc5c0
What is -5335300 (base 6) in base 7?
-2136633
-221202111212211 (base 3) to base 7
-224234653
What is -362627 (base 8) in base 13?
-44775
What is 186c55 (base 14) in base 12?
358037
-11201221101022 (base 3) to base 6
-125550312
What is -22472 (base 10) in base 4?
-11133020
a5b58 (base 14) to base 2
1100001101011110010
-11a9266 (base 11) to base 2
-111111110100100110011
What is 220204240 (base 5) in base 13?
270a90
102d8ca (base 15) to base 16
b00d4c
Convert -1026121 (base 7) to base 10.
-124573
Convert 83a6a3 (base 12) to base 2.
111111001101001011011
Convert 24a26 (base 13) to base 7.
401115
-11030302222 (base 4) to base 2
-101001100110010101010
Convert 11223431 (base 5) to base 14.
29113
What is -143259 (base 10) in base 15?
-2c6a9
10110110000010111 (base 2) to base 11
64034
-404323211 (base 5) to base 4
-12033123120
-93ac5a (base 15) to base 6
-410304521
What is -1e4e4 (base 16) in base 3?
-20022021111
-1514275 (base 8) to base 15
-88162
-40538b9 (base 12) to base 4
-231332321031
7453 (base 12) to base 7
52062
What is 173522 (base 9) in base 7?
625445
What is 7640304 (base 8) in base 10?
2048196
Convert 33344213 (base 5) to base 14.
79055
Convert -1363870 (base 9) to base 3.
-1102010222100
-24182453 (base 9) to base 7
-202225053
2a7bf (base 16) to base 11
109816
Convert -3122560 (base 7) to base 5.
-44004104
Wha